6*b - 51. Calculate g(-12).
-3
Let o(i) = 2*i**2 + 122*i + 244. Give o(-59).
8
Let t(x) = x**2 + 2*x - 7. Determine t(0).
-7
Let g(b) = b**2 - b - 1. Give g(-2).
5
Let p(t) = t**3 - 11*t**2 + 7*t + 14. Determine p(10).
-16
Let j(n) = -3*n**2 + n + 8. What is j(-2)?
-6
Let m(f) = 2*f**2 + 13*f - 11. What is m(-6)?
-17
Let d(j) = -6*j - 15. Give d(-2).
-3
Let l(f) = f**2 + 6*f - 17. What is l(-7)?
-10
Let r(o) = 4*o + 17. Determine r(-15).
-43
Let l(b) = -b**2 - 19*b - 13. What is l(-18)?
5
Let f(q) = -q**3 + 14*q**2 - 13*q + 10. Give f(13).
10
Let x(d) = -2*d**2 + 11*d - 18. Give x(3).
-3
Let t(k) = -8*k - 6. What is t(2)?
-22
Let r(z) = z**3 + 2*z**2 - 10*z - 4. Calculate r(-4).
4
Let g(m) = -2*m**2 - 54*m - 183. What is g(-4)?
1
Let u(q) = -q**3 + 12*q**2 + 12*q + 7. Calculate u(13).
-6
Let h(z) = -69*z - 343. What is h(-5)?
2
Let g(v) = -v**3 + 6*v**2 + v + 1. Calculate g(7).
-41
Let g(w) = -w**3 + 9*w**2 - 12*w + 11. Determine g(7).
25
Let v(r) = 3*r - 18. What is v(0)?
-18
Let i(k) = k**3 - 5*k**2 + 8. Determine i(4).
-8
Let t(k) = -k**2 - k. What is t(-1)?
0
Let t(d) = -54*d**2 + 214*d + 5. Calculate t(4).
-3
Let t(w) = 6*w - 10. What is t(4)?
14
Let h(f) = -f**2 - 20*f - 10. Calculate h(-20).
-10
Let l(q) = 26*q - 109. Calculate l(4).
-5
Let c(f) = -2*f**2 - 7*f + 29. Calculate c(-6).
-1
Let n(g) = -g**3 - 5*g**2 - 4*g + 3. What is n(-4)?
3
Let j(z) = z**3 + 14*z**2 + 28*z + 199. Determine j(-13).
4
Let z(l) = -l**2 - 18*l + 17. What is z(-20)?
-23
Let a(j) = j**2 + 27*j + 34. Give a(-26).
8
Let y(z) = 2*z**2 + 9*z + 4. Calculate y(-5).
9
Let g(q) = q**2 - 4. What is g(4)?
12
Let p(j) = j**3 - 2*j**2 - 3*j - 2. Calculate p(3).
-2
Let r(d) = -d**2 + 6*d - 4. Give r(3).
5
Let y(s) = 2*s - 44. Give y(12).
-20
Let t(i) = i**3 - 5*i**2 + 3. Determine t(4).
-13
Let l(b) = -b + 12. Calculate l(5).
7
Let a(o) = -28*o - 1. Give a(-1).
27
Let x(u) = u**3 - 5*u**2 + 6*u - 33. Calculate x(5).
-3
Let v(x) = -x**3 + 12*x**2 + x - 16. Determine v(12).
-4
Let b(p) = p**2 - 2*p - 31. Give b(7).
4
Let v(s) = s**2 + s + 51. Determine v(0).
51
Let i(q) = q**2 + 3*q - 11. Calculate i(-6).
7
Let o(m) = -m + 15. What is o(8)?
7
Let w(q) = q + 11. Give w(-5).
6
Let p(r) = r**2 - 39*r + 84. Calculate p(37).
10
Let t(q) = q. What is t(18)?
18
Let x(f) = -f**2 - 12*f - 18. What is x(-9)?
9
Let x(s) = s**3 + 11*s**2 + 5*s + 22. Give x(-11).
-33
Let d(n) = 5*n**2 + 5*n - 5. Determine d(3).
55
Let u(o) = -o**2 + 9*o - 4. Determine u(8).
4
Let z(t) = t**3 - 20*t**2 + 24*t - 96. Calculate z(19).
-1
Let b(g) = -3*g + 57. Give b(27).
-24
Let r(v) = -3*v**2 + 13*v - 6. Determine r(6).
-36
Let c(t) = t**2 + 10*t - 219. Calculate c(11).
12
Let r(p) = p**3 - 8*p**2 + 2*p - 27. Determine r(8).
-11
Let z(h) = 30*h + 176. Calculate z(-6).
-4
Let w(r) = 7*r**2 + 6*r + 4. What is w(-3)?
49
Let j(p) = -p**2 - 7*p + 3. What is j(-7)?
3
Let v(k) = -k**3 - 8*k**2 + 48*k + 7. Determine v(-12).
7
Let a(p) = p**3 + 7*p**2 - 4*p + 9. What is a(-8)?
-23
Let a(h) = -h**2 - 6*h - 6. Determine a(-5).
-1
Let t(w) = -24*w + 34. Determine t(4).
-62
Let j(s) = s + 2. What is j(-3)?
-1
Let c(p) = p - 1. Calculate c(4).
3
Let z(w) = -w**2 + 6*w + 9. What is z(-6)?
-63
Let z(g) = -g**2 - 9*g + 12. Give z(-15).
-78
Let m(q) = -q**2 + 15*q - 24. Determine m(11).
20
Let d(w) = w**3 - 2*w**2 - 3*w. Calculate d(-2).
-10
Let r(d) = -37*d**2 - 5*d - 4. Calculate r(-1).
-36
Let c(w) = 2*w**2 - 5*w + 2. Calculate c(5).
27
Let f(t) = t**3 + 7*t**2 + 2*t + 12. What is f(-7)?
-2
Let m(c) = 2*c**2 - 3*c + 3. Determine m(4).
23
Let x(q) = 32*q + 129. Determine x(-4).
1
Let o(h) = h**3 - 5*h**2 - 11*h - 11. Give o(7).
10
Let l(s) = -s**3 - 5*s**2 + 3*s - 11. Give l(-6).
7
Let m(a) = -a**2 + 12*a + 11. What is m(13)?
-2
Let c(o) = -o**3 + 6*o**2 - 1. Determine c(5).
24
Let t(f) = -3*f**2 + 30*f + 7. Determine t(10).
7
Let i(o) = -6*o - 21. Determine i(-1).
-15
Let v(y) = -6*y + 122. Calculate v(12).
50
Let h(i) = -i**3 + 7*i**2 - 6*i + 5. Calculate h(6).
5
Let p(i) = 2*i**2 - 5*i + 2. Determine p(7).
65
Let w(f) = f**3 - 7*f**2 + 7*f - 1. Calculate w(1).
0
Let g(h) = -31*h - 24. Calculate g(-1).
7
Let h(v) = v**3 - 22*v**2 + 98*v - 34. Calculate h(16).
-2
Let x(c) = -2*c + 40. What is x(19)?
2
Let f(r) = 2*r**3 - 7*r**2 - 2*r - 9. Calculate f(4).
-1
Let s(k) = k**2 - 17*k + 47. What is s(10)?
-23
Let n(h) = h**3 + 3*h - 4. Give n(2).
10
Let t(w) = -4*w + 2. Determine t(-2).
10
Let c(d) = -d**3 + 5*d**2 + 7*d + 7. Determine c(6).
13
Let z(x) = -3*x + 8. Give z(3).
-1
Let a(g) = -12*g - 61. Give a(-4).
-13
Let g(a) = -3*a**2 - 5*a - 5. Give g(-4).
-33
Let q(d) = -36*d**3 - d - 1. Determine q(-1).
36
Let r(m) = m**3 + 7*m**2 - 9*m - 14. Calculate r(-6).
76
Let t(x) = -x**3 - 7*x**2 + 3*x + 12. What is t(-8)?
52
Let c(y) = 36*y + 1. Calculate c(1).
37
Let u(s) = -85*s**3 + s**2 - 3*s - 3. Determine u(-1).
86
Let k(n) = n**3 - 8*n**2 + 12*n - 1. Give k(6).
-1
Let y(o) = -o**2 - 6*o - 7. What is y(-7)?
-14
Let w(h) = -h - 13. Give w(-11).
-2
Let f(h) = h**3 + 14*h**2 - h - 12. What is f(-14)?
2
Let z(q) = q**3 + 12*q**2 + 36*q + 24. Calculate z(-8).
-8
Let l(d) = -2*d**2 + d + 6. Determine l(-5).
-49
Let l(k) = -5*k + 128. Determine l(22).
18
Let f(i) = i**2 - 10*i - 32. Determine f(12).
-8
Let n(y) = -6*y - 4. Calculate n(2).
-16
Let d(a) = -13*a - 1. Calculate d(2).
-27
Let j(o) = -6*o**2 - o + 4. Give j(-2).
-18
Let y(q) = 2*q - 12. Calculate y(12).
12
Let o(u) = 3*u**2 - 22*u + 8. Calculate o(6).
-16
Let i(v) = v**2 - 13*v + 37. Calculate i(7).
-5
Let p(r) = -r**3 - 24*r**2 + 81*r. Give p(-27).
0
Let f(m) = 19*m**2 - 9*m + 2. Give f(2).
60
Let s(n) = -3*n**3 + 11*n**2 - 8*n + 7. What is s(3)?
1
Let w(t) = 6*t**2 - 5*t - 3. What is w(2)?
11
Let r(p) = -10*p - 16. Calculate r(-4).
24
Let m(v) = -v**3 + 18*v**2 - 2*v + 38. Give m(18).
2
Let b(r) = 2*r**2 - 47*r + 18. Determine b(23).
-5
Let y(o) = -5*o - 34. What is y(-14)?
36
Let h(x) = 22*x + 17. Calculate h(-3).
-49
Let p(u) = -u**2 + 7*u - 16. Calculate p(7).
-16
Let m(a) = -a**3 - 2*a**2 + 4*a. Give m(-3).
-3
Let z(v) = v**2 - 8*v + 5. What is z(3)?
-10
Let h(o) = -o**3 + 7*o**2 - 8*o - 7. Calculate h(5).
3
Let d(x) = x**3 - 4*x + 4. Calculate d(0).
4
Let s(d) = -50*d. Determine s(-1).
50
Let s(p) = p**2 + 15*p + 3. Determine s(-6).
-51
Let z(r) = -3*r**2 + 3*r + 16. Calculate z(-3).
-20
Let v(t) = t**2 - 32. Determine v(6).
4
Let g(u) = -5*u + 157. Give g(27).
22
Let h(l) = l**2 - 3*l - 92. Calculate h(-9).
16
Let t(y) = y**2 - 6*y - 6. Determine t(6).
-6
Let q(j) = -j**2 - 13*j - 18. Give q(-12).
-6
Let s(q) = 3*q**2 - 4*q. What is s(3)?
15
Let n(u) = u**2 - 27*u + 114. What is n(22)?
4
Let m(u) = u**3 + 15*u**2 - u + 1. Calculate m(-15).
16
Let x(h) = 4*h - 49. What is x(12)?
-1
Let q(v) = 15*v**2 + 3*v + 3. Give q(-1).
15
Let j(a) = -3*a - 8. Determine j(6).
-26
Let c(d) = d**3 + 3*d + 4. Give c(3).
40
Let b(t) = -t**2 - 52*t - 237. What is b(-5)?
-2
Let t(l) = -l**2 + 24*l - 84. Determine t(5).
11
Let i(u) = -u**2 - 14*u - 23. Calculate i(-10).
17
Let n(o) = -o**3 + 16*o**2 - 48*o + 5. Give n(12).
5
Let h(a) = a**3 + 10*a**2 + 1. What is h(-10)?
1
Let k(t) = t**3 + 28*t**2 + t + 38. Give k(-28).
10
Let d(n) = n**3 - 7*n**2 - n - 2. Give d(6).
-44
Let m(a) = -a**2 - 13*a - 14. Calculate m(-12).
-2
Let u(s) = -3*s**3 + 18*s**2 - 3*s - 16. Calculate u(5).
44
Let v(h) = -3*h + 47. Calculate v(20).
-13
Let m(q) = q**3 - 18*q**2 + 23*q - 98. What is m(17)?
4
Let u(i) = i**3 + i**2 - 21*i - 43. Determine u(5).
2
Let w(b) = -b**3 - 8*b**2 - 17*b - 21. Determine w(-9).
213
Let n(o) = 10*o + 74. Calculate n(0).
74
Let n(z) = z**3 - 2*z**2 - 10. Calculate n(0).
-10
Let s(i) = -i - 3. What is s(-3)?
0
Let o(p) = -p**2 - 7. What is o(-6)?
-43
Let w(q) = q**3 + 19*q**2 + 17*q - 24. Determine w(-18).
-6
Let y(f) = -8*f + 109. Calculate y(13).
5
Let c(z) = -z + 13. Calculate c(7).
6
Let h(l) = -l**3 + 4*l**2 + 8*l - 2. Calculate h(4).
30
Let s(a) = -5*a**2 - 2*a + 1. Calculate s(1).
-6
Let s(w) = 19*w + 56. Determine s(-3).
-1
Let n(i) = -i**2 - 22*i - 15. Determine n(-23).
-38
Let k(b) = 3*b**2 + 2*b - 3. Give k(-2).
5
Let m(j) = 12*j + 53. Calculate m(-4).
5
Let s(l) = -6*l - 9. Give s(-5).
21
Let l(y) = -y**3 - 3*y**2 + 32*y + 16. Calculate l(-7).
-12
Let h(k) = -4*k